is divided by z.
25
Suppose -5*g + 135 = 3*t, t = 4*g - 7*g + 45. Let c = -13 + -1. Calculate the remainder when t is divided by ((-168)/(-49))/((-2)/c).
21
Suppose x + 6 = -w - 8, w + 4*x + 26 = 0. Let v be (56/35)/(4/w). What is the remainder when 42 is divided by 140/(-21)*9/v?
12
Suppose 42*d - 43*d + 5*b = -308, -2*b = -3*d + 898. Let g = -289 + d. Let m(z) = -z + 1. Calculate the remainder when g is divided by m(-3).
1
Suppose 33*y - 38*y = -3365. Let r = -625 + y. What is the remainder when r is divided by 7?
6
Let y = 6 + -14. Let r be (1/(-2))/(y/2096). Let d = r - 59. What is the remainder when d is divided by 19?
15
Suppose 4*v - 4*j - j + 2202 = 0, 5*v + 2732 = -4*j. Let m = v - -575. Calculate the remainder when 70 is divided by m.
16
Let g = -23904 - -24225. What is the remainder when 5131 is divided by g?
316
Let o(f) = -f**3 - 5*f**2 + 24*f. Let h be o(-8). Suppose h = 45*q - 44*q - 95. What is the remainder when q is divided by 33?
29
Let y be (16/56)/(5/35). Let q(r) = 14*r**2 - r - 3. Calculate the remainder when q(y) is divided by 22.
7
Let c be ((-4)/(-10))/(1 + (-54)/60). What is the remainder when 63/18 - c - 933/(-6) is divided by 39?
38
Let l = 10852 + -10796. Let s = -36 + 65. What is the remainder when l is divided by s?
27
Let r = -40 + 43. Let m(h) = 9*h**3 + 14*h**2 + 3 - 20 - 16*h**r + 6*h**3 - 22*h. What is the remainder when 26 is divided by m(12)?
5
Suppose 3 = -j, -3*j - 101 - 58 = -5*i. Let w(x) = -3*x - 4*x + 6 - 13*x. Calculate the remainder when w(-4) is divided by i.
26
Let j be 4/(-12) - (-1004)/6. Let y = 56 + -172. Let g = y + j. What is the remainder when 252 is divided by g?
48
Let w(a) be the third derivative of a**5/60 - 22*a**3/3 + 20*a**2 + 1. Calculate the remainder when 148 is divided by w(-7).
3
Let x(d) = d - 22. Let o be ((-13)/(-2) + 2)*-2. Let p be x(o). Let i = 48 + p. What is the remainder when i is divided by 3?
0
Suppose -5*k - 29 = -34. Let v(p) = 6*p - 1. Let w be v(k). Suppose 3*b + w*t = 13 + 53, 0 = 2*t. What is the remainder when 39 is divided by b?
17
Suppose -i = 2, 3*z = -38*i + 41*i + 1431. What is the remainder when z is divided by 119?
118
Let b = 8 - 5. Suppose 2*h + 31 = b*h. Calculate the remainder when 185 is divided by h.
30
Suppose 11*i + 733 = 3*i + 1669. What is the remainder when 3270 is divided by i?
111
Let j(r) be the third derivative of r**4/6 - 5*r**3/6 + r**2. Let c be j(4). Calculate the remainder when 65 is divided by 42/2 - 1 - (-8 + c).
14
Let w be (-14)/28*(-1 + 1). Suppose w = 5*s + 5, 4*m + s = -4*s + 303. Let f = 99 - m. What is the remainder when 76 is divided by f?
10
Suppose -o = -3*o + 96. Let k = -34 + o. Suppose 10*d + k = 64. Calculate the remainder when 23 is divided by d.
3
Suppose -2*n - 6 = 0, 5*z + n - 18 = 4. What is the remainder when 44 is divided by (-1)/z + ((-2541)/(-15))/7?
20
Let s(l) = -16*l**2 - l - 21. Let b(i) = -40 + 44 + 2*i**2 + i**2. Let m(h) = 11*b(h) + 2*s(h). What is the remainder when 9 is divided by m(3)?
4
Let c(q) = 4*q + 10. Suppose -4*v - 7 = -19. Suppose 4*j - 240 = j. Calculate the remainder when j is divided by c(v).
14
Let m(a) = 28 - 1 - 3*a - 10. Calculate the remainder when 79 is divided by m(3).
7
Let s(n) = 4*n - 42. Let w be s(20). Suppose -123 = -35*k + w*k. Let b = k + 63. What is the remainder when 65 is divided by b?
21
Suppose -45*b + 6336 = -12*b. Calculate the remainder when b is divided by 46.
8
Suppose -2370 + 350 = -101*p. Let b(m) = -2*m + 5. Calculate the remainder when b(-8) is divided by p.
1
Let m(i) = 2*i + 60. Calculate the remainder when 255 is divided by m(29).
19
Suppose -53*g - 33701 - 205033 = -107*g. Calculate the remainder when g is divided by 18.
11
Let m = -321 + 436. What is the remainder when 425 is divided by m?
80
Let b = 69 + -64. Suppose -9 = -b*a + 11, -g = -a - 72. Suppose -i - g = -86. What is the remainder when 19 is divided by i?
9
Let i = 6 - -11. Suppose 9 = -3*d, -6*h + 513 = -2*h + d. Let u = 160 - h. Calculate the remainder when u is divided by i.
14
Suppose -466*w - 1111*w = -70965. What is the remainder when w is divided by (0 + 30)*8/6?
5
Let j(i) = 283*i + 2002. Calculate the remainder when 1475 is divided by j(-7).
5
Let u(y) = -25*y**2 + 900*y + 71. Calculate the remainder when 2413 is divided by u(36).
70
Calculate the remainder when ((-4)/(-14) + (-646)/(-42))/((-18)/(-216)) is divided by 4.
0
Let p = 12 - -9. Suppose -h + 33 = -16*d + 11*d, 0 = 4*d. Calculate the remainder when h is divided by p.
12
Suppose 5*o - 2*f = 764 - 294, 4*o + f - 363 = 0. Calculate the remainder when 286 is divided by o.
10
Suppose 40*d = 27*d + 5382. Let p = -386 + d. What is the remainder when 45 is divided by p?
17
Suppose -2*w + 5*j + 175 = 0, -3*j = -19 - 2. What is the remainder when 828 is divided by w?
93
Suppose 0 = -3*m + 79 + 8. Let o(v) = 4*v + 46. Let f be o(-6). Calculate the remainder when (-16)/(-440)*5 + 1866/f is divided by m.
27
Suppose 78*d = 79*d - 91. Let v = 135 - 213. Let k = v + d. What is the remainder when 31 is divided by k?
5
Let l(i) = i**2 + 31*i - 219. Calculate the remainder when l(-41) is divided by 82.
27
Let f = 341 - 276. Calculate the remainder when (-10000)/(-65) + 205/f + -3 is divided by 39.
37
Suppose -5*g = -4*s + 299, -s + 53*g - 51*g = -71. What is the remainder when 888 is divided by s?
78
Let m = -188363 - -188406. What is the remainder when -1*-142*(-6)/(-4) is divided by m?
41
Let t = 46 + 99. Let z be 0 + (3 - 0) + (-20)/5. What is the remainder when t is divided by -2*(z + 3) + 75/3?
19
Let q be -3 + 92/12 - 6/9. Suppose 0 = 4*b - 3*u - 1358, 5*u = q*b + 8*u - 1346. Calculate the remainder when b is divided by 85.
83
Let u(y) = 10*y - 66. Let v be u(25). Let k = -144 + v. What is the remainder when k/(-25) + 2 + 286/10 is divided by 15?
14
What is the remainder when 154 is divided by (4 - 9) + 69 + (-2 - 6)?
42
Suppose -d - 5*x = 223, 0 = -d - 3*x + 4*x - 235. Let z = -163 - d. Calculate the remainder when z is divided by 24.
22
Let i = -334 - -343. Let j(q) = 3*q + 40. Calculate the remainder when j(0) is divided by i.
4
Suppose 5*t - 2*z = 549, 15*t - 14*t + 4*z = 101. Calculate the remainder when t is divided by 28.
25
Suppose 0 = b + 3*p - 21, 2*b - 117 = -3*b - 3*p. What is the remainder when 565 + (-92)/(-11) + 64/(-176) is divided by b?
21
Let z = -4630 + 4796. Suppose -5*x - 40 + 280 = 0. Suppose -3*u = -u - x. What is the remainder when z is divided by u?
22
Suppose -6*m = -611 - 409. Suppose -3*r + 163 + m = 0. Let f = -77 + r. What is the remainder when 135 is divided by f?
33
Let v be ((-7)/28)/((-2)/24). Suppose 4*i - s = 989, -3*i + 2*s = -v*s - 729. Suppose 0*k + i = 4*k. Calculate the remainder when k is divided by 9.
8
Let j = -1018 - -1834. Let o = j - 789. Calculate the remainder when 107 is divided by o.
26
Let u = 253 - 171. Let z = u - 60. What is the remainder when 41 is divided by z?
19
Suppose 184*t - 169*t = 1125. Calculate the remainder when 1947 is divided by t.
72
Let w(n) = 146*n + 4822. What is the remainder when 874 is divided by w(-32)?
124
Calculate the remainder when 2238 is divided by (-560)/(-180)*81/18.
12
Let r(w) = -76*w - 8. Let h(y) = -1. Let u(m) = 5*h(m) + r(m). Let i be u(26). What is the remainder when i/(-18) + -2 + (-5)/(-2) is divided by 6?
3
Let s = -10108 + 10152. Calculate the remainder when 1361 is divided by s.
41
Suppose 50*v + 5*p - 8 = 51*v, 3*v = 3*p. Calculate the remainder when 4024 is divided by v.
0
Let o = 10131 + -10060. What is the remainder when o is divided by 12?
11
Let m be 1 - ((-8)/(-24) - 30/9). Suppose 4*q - m = 0, 82 = y - 5*q - 0*q. What is the remainder when y is divided by 9?
6
Let v = 41269 + -41263. Let b = 97 - 58. What is the remainder when b is divided by v?
3
Let m = 1 + 1. Let v = 5867 + -5865. Suppose 4*f + 214 = m*c, 5*f - 1 = -v*c + 222. Calculate the remainder when c is divided by 10.
9
Let p = 4359 + -4326. Calculate the remainder when p is divided by 9.
6
Let c(h) = -21*h - 144. Let g be c(-7). What is the remainder when (-125)/(g/(-5) - (-14)/(-35)) is divided by 21?
20
Let l(i) = -i**3 + 11*i**2 + 6*i - 1. Suppose -221 - 10 + 6 = -15*b. What is the remainder when l(8) is divided by b?
14
Let l = 4811 + -4291. Calculate the remainder